). Let j(v) = -v**2 + t - 18 + 5*v. Let s(l) = 2*l**2 - 4*l + 3. Let o be s(2). Give j(o).
6
Let j(o) = -o**2 + 9*o - 9. Let m = 146 - 140. Calculate j(m).
9
Let q(s) = -s**2 + 6*s + 11. Let m(l) = -3*l - 31. Let j be m(-13). What is q(j)?
-5
Let a(u) be the third derivative of u**5/60 - u**4/6 + u**3/6 + u**2. Suppose 2*t - 9 = -t. Suppose 4*j - 5*j - 20 = -5*g, -4*j - 29 = -t*g. Determine a(g).
-2
Let a be 3 - -1 - (-1)/(-1). Let u(l) be the second derivative of -l**4/12 + l**3 - 2*l**2 + 161*l. What is u(a)?
5
Let x(y) = -6*y**2 + 37*y - 2 - y**3 - 37*y. Let a be 3/2*4*-1. Determine x(a).
-2
Let d = -4 - -6. Suppose d*b = -r - 1, -b - 2*r = -0*r + 8. Suppose 7*w = b*w. Let o(u) = u**2 + u + 5. Calculate o(w).
5
Let d(s) = -s**3 - 8*s**2 - 8*s - 4. Let f(o) = -o**3 - 9*o**2 - 8*o - 4. Let r(a) = -3*d(a) + 2*f(a). Let x = 2 + -7. What is r(x)?
-11
Let q(o) be the third derivative of o**6/120 + o**5/12 + o**4/8 - o**3/2 - 12*o**2. What is q(-3)?
6
Let d(v) = v**3 + 4*v**2 + 2*v + 5. Let m be 0/(4/(-2*1)). Suppose m = -6*a + 2*a - 16. Let z be d(a). Let l(j) = -2*j**2 - 3*j + 1. What is l(z)?
-8
Let w(s) = -3*s**3 - s**2 + s + 1. Let x(a) = a**3 - a. Let v(l) = w(l) + 4*x(l). Give v(2).
-1
Let k(h) = -h**3 + 5*h**2 + 5*h + 4. Suppose -f - 3*f - 3*z = -97, -3*f + z + 89 = 0. Suppose -w + 5*w - f = b, 3*w = -b + 14. Calculate k(w).
-2
Let s(f) = f**2 - 6*f + 2. Let z be s(6). Suppose -h = z*h. Let j(m) = -m - 3. Calculate j(h).
-3
Let f(q) = 1. Let l(c) be the third derivative of c**4/24 - 5*c**3/6 - 4*c**2. Let y(u) = 2*f(u) + l(u). Suppose 4*k = k + 5*n + 5, -2 = 2*n. Determine y(k).
-3
Suppose j + 3*j = 4. Let x be 2/((-1)/j - 1). Let k(p) = -p**3 - p**2 + p + 1. Determine k(x).
0
Let c(i) = i**2 + 5*i - 5. Let g be (-693)/12 - (-2)/(-8). Let n be g/10 + 2/(-10). Calculate c(n).
1
Let b be 4/3*(-3)/(-2). Suppose 0*k = b*k - 5*r - 29, -3*k - 14 = 4*r. Let o(s) = -7*s**k + 3 + s**2 - 2. What is o(-1)?
-5
Let q(y) = 3*y - 236 + 236. Determine q(-3).
-9
Let h(j) be the first derivative of 7*j**5/120 - j**4/24 - 4*j**3/3 - 2. Let m(t) be the third derivative of h(t). Let g be (-1 + 2 - -1) + -1. What is m(g)?
6
Suppose 4*z - 4 = 3*z. Let t(k) be the third derivative of -k**4/12 + k**3/3 + 15*k**2. Calculate t(z).
-6
Let c(f) = -f**2 + 4*f. Let k(s) = -2*s + 18. Let u(i) = -i + 9. Let w(a) = 6*k(a) - 11*u(a). Let d be w(10). Let v be (-2 + (1 - 1))*d. What is c(v)?
4
Suppose -3*w - 4*b + 24 = 3, 5*w = -b + 18. Suppose -2*k + 9 = w. Suppose 2*m - m = k. Let l(o) = 2*o**2 - 4*o. What is l(m)?
6
Let m(q) = q + 1. Let f(j) = 5*j - 3*j + 5*j - 1. Suppose 3*n + n + 21 = 5*z, 0 = -2*n + 2*z - 8. Let c(p) = n*f(p) - 5*m(p). Give c(5).
4
Let p(o) be the first derivative of -o**3/3 - o**2/2 + 3. Suppose 0 = 4*w + 9 + 3. Let c = -3 - w. What is p(c)?
0
Let q(c) = c**2 + 5*c - 2. Let o(l) = -l - 5. Let a = 1 - 1. Let x be o(a). Give q(x).
-2
Let x(w) = -12 - w + 7 + 0*w. Suppose 2*o = -2*v - 6 - 4, -2*v - 28 = 5*o. What is x(o)?
1
Let x be ((-16)/12)/(2/6). Let l(s) = -s**3 - 5*s**2 - 5*s - 2. Let h be l(x). Let v(z) = 2*z**3 - 1 - z**2 + 0*z**h + 9*z - 8*z - z**3. What is v(0)?
-1
Suppose -4*t + 1 = 3*i, -4*t - 5*i = -2*t + 17. Let y(m) = -6*m + 6. Let x(r) = 2 - 3 - 5 + 5*r. Let v(l) = 3*x(l) + 2*y(l). Determine v(t).
6
Let b(r) = -r**3 + 3*r - 3. Let c(y) = y + 7. Let s be c(-5). What is b(s)?
-5
Let i = -20 + 30. Let k be 16/i + (-4)/(-10). Let p(h) = h - 2*h + 4*h**2 + 4 - k*h + 4*h + h**3. What is p(-3)?
10
Let h(r) = -r**3 - r + 1. Let u = 6 + -3. Let x be (u + (-3)/1)/2. Determine h(x).
1
Let l(r) = r - 1. Suppose -3*k = -4*k + 5. Suppose k*z - 6 = 8*z. What is l(z)?
-3
Let u(d) = d + 6. Let b(w) = w + 6. Let s(x) = 4*b(x) - 5*u(x). Suppose 0*m + 24 = -4*m. Let j be 0*(2 - m/(-4)). Give s(j).
-6
Let t be 24/2*(-2)/6. Let q(f) = 2*f + 6. Determine q(t).
-2
Let a(k) = -5*k**2 + 12*k - 1. Let l(b) = -6*b**2 + 13*b - 2. Let s(g) = 7*a(g) - 6*l(g). Give s(-7).
12
Suppose -2*h = -4*h. Let o(l) = -6*l**2 + 4*l**2 + h*l - 8*l**3 + 0*l**2 - l. What is o(-1)?
7
Suppose -5*z - 8 - 17 = 3*a, -4*z = 20. Let u be 2/4*(-24)/(-2). Suppose -u = -2*d - a*d. Let r(g) = g - 4. Determine r(d).
-1
Let c(h) = 2*h**2 - 3*h + 2. Let w(i) = i**2 - i + 1. Let v(d) = -6*c(d) + 13*w(d). What is v(-6)?
7
Let d(b) = -3*b**3 - 5*b**2 - 2. Let p(v) = -3*v**3 - 6*v**2 - 3. Let c(o) = -4*d(o) + 3*p(o). Let r be c(1). Let h(z) = 2*z**2 - 5*z - 3. What is h(r)?
9
Suppose -3*s + s = -2*f - 12, 4*f + 3*s - 11 = 0. Let y be -2 + f + 0 - -3. Let m(z) = z**2 + 5. Give m(y).
5
Let i(s) be the second derivative of -s**3/2 - 9*s**2/2 + 5*s. Give i(-6).
9
Let n(a) = 7*a**2 + a + 6. Let y(x) = 6*x**2 + 7*x - 4*x + 6 - 3*x. Let z(r) = 5*n(r) - 6*y(r). Let w(j) = 2*j - 7. Let s be w(6). Calculate z(s).
-6
Let i(t) = t**3 - 2*t**2 - 1. Suppose 49 = -3*z + 6*z - 5*a, -3*z + a = -29. Let j = z - 2. Let y be -5*(j/5)/(-3). Give i(y).
-1
Let l = -4 - -9. Let d(q) = 6*q - 2 - 2*q - 3*q. Calculate d(l).
3
Let d(k) = 4*k**3 + 2*k**2 + 2*k + 1. Suppose -u + 12 = -14. Let p = 25 - u. Determine d(p).
-3
Let a be ((-22)/33 + 0)*(-6)/(-4). Let w(g) = -12*g - 1. Calculate w(a).
11
Let l(u) = u**2 - 4*u - 3. Let w(q) = 13*q + 9 + 0*q - 2*q**2 - q**2. Let n = 18 - 20. Let d(p) = n*w(p) - 7*l(p). Give d(4).
-5
Let l(z) = -z**3 - 4*z**2 + 7*z + 7. Let c = 8 - 6. Let m(o) = 5*o - o**2 + c*o**2 - 3*o**2 - 2. Let k be m(3). Calculate l(k).
-3
Let l(p) = p - 1. Let m = 17 - 12. Let a be l(m). Suppose -a*v - 3*o - 13 = -2*o, -5*v - 3*o = 25. Let y(q) = -q**3 - 3*q**2 + 1. Determine y(v).
-3
Let a(v) = -5*v**2 + v + 3. Let k(r) = -10*r**2 + 2*r + 5. Let c(z) = -7*a(z) + 4*k(z). Give c(1).
-5
Let y(z) = -z. Let b = -20 + 28. Let l(n) be the second derivative of n**4/12 - n**3 - 11*n**2/2 + 5*n. Let x be l(b). Determine y(x).
-5
Let h(r) = -4*r + 3. Let z = 7 + -4. Determine h(z).
-9
Let p(c) = 13*c**2 + 7*c - 1. Let l(t) = 38*t**2 + 20*t - 3. Let b(y) = 6*l(y) - 17*p(y). Give b(1).
7
Let r(n) = 1 - n**2 + 0*n**2 - 8*n + 11*n. Let p be 7 + (-5 - 2) + 3. Calculate r(p).
1
Let a(q) = q**2 + 6. Let v be a(0). Let t(m) be the second derivative of m**3/3 - 3*m**2 + 3*m. Calculate t(v).
6
Let f(o) = o**2 + 8*o + 9. Let u be f(-8). Let c(j) = -j**3 + 9*j**2 - j + 11. Let v be c(u). Let k(x) = x**2 + 2. What is k(v)?
6
Let s be (-135)/(-4) - (-3)/12. Suppose 5*k + 4 = s. Let l(b) = -b + 3. Give l(k).
-3
Let m(d) = -d - 4. Let y(k) = 3*k + 15. Let n(z) = 22*m(z) + 6*y(z). Calculate n(-2).
10
Let o(u) = u**2 + 113*u - 107*u - 1 + 0. Let d be 3*4*2/(-6). What is o(d)?
-9
Let i(s) = -s + 1. Let w(u) = -u + 2. Let m(v) = 3*i(v) - 4*w(v). Determine m(-4).
-9
Let c(f) = -5*f**3 - 5*f**2 + 15*f + 19. Let y(h) = -3*h**3 - 2*h**2 + 8*h + 10. Let q be ((-7)/4)/((-6)/24). Let v(l) = q*y(l) - 4*c(l). Determine v(5).
-1
Let p(d) be the third derivative of d**6/120 + d**5/10 + d**4/6 - d**3/2 + 4*d**2. Give p(-5).
2
Let j(p) = p - 7. Let r(n) = -n. Let o be r(-7). What is j(o)?
0
Let v(x) = -x**2 - x + 4. Let a = 21 - 12. Let s be ((-2)/4)/(a/72). Determine v(s).
-8
Suppose -3*w - 9 = -2*b + 5, -2*b - 34 = 3*w. Let k(q) = -q**2 - 9*q - 12. Let m be k(w). Let o(d) = 2*d**2 - d**3 + 2*d**2 + 2 + 3*d - 7*d**2. Calculate o(m).
6
Let r(b) = b**2 + 2*b. Let x be r(-3). Suppose 5 = 2*k - x. Let y(j) = -j**3 + 4*j**2 - j. Let a be y(k). Let g(f) = f. What is g(a)?
-4
Let p(t) = -t**3 + 5*t**2 - 4*t + 5. Let h = 16 - 12. What is p(h)?
5
Suppose -10 = -4*f - f. Let o(t) = -3. Let x(a) = -a - 1. Let k(y) = f*x(y) - o(y). What is k(5)?
-9
Let m be 39/(-21) - 2/14. Let o(u) be the second derivative of -u**5/40 + u**4/24 + u**3/6 + u. Let a(l) be the second derivative of o(l). Determine a(m).
7
Suppose 11*u = 4*u - 35. Let o(y) = -y**2 - 5*y + 3. Calculate o(u).
3
Let c(x) = -4*x**3 - x - 1. Let u(i) = -i**3 + 9*i**2 + i - 4. Let r be u(9). Suppose -3*s = -2*z - 21, s + 1 = -z - 2. Let m = r + z. Determine c(m).
4
Let g(a) = -4*a - 8. Let s be (-1 + 0 + 1)/(-2). Suppose -d = -s - 2. Let h(y) = 3*y + 7. Let w(l) = d*g(l) + 3*h(l). Determine w(-3).
2
Let t(w) be the second derivative of -w**2/2 + 3*w. Let u(a) = -a - 12. Let i(s) = 6*t(s) - u(s). Give i(-4).
2
Let z(m) = m**3 - 4*m**2 + 2*m - 1. Let f = -19 - -31. Suppose -i - f = -5*i. Give z(i).
-4
Let x(p) 